{"id":24,"date":"2023-08-30T20:02:59","date_gmt":"2023-08-30T18:02:59","guid":{"rendered":"https:\/\/www.rebelky.org\/?page_id=24"},"modified":"2025-03-04T13:25:12","modified_gmt":"2025-03-04T12:25:12","slug":"fotogalerie","status":"publish","type":"page","link":"https:\/\/www.rebelky.org\/?page_id=24","title":{"rendered":"Fotogalerie"},"content":{"rendered":"\n<div class=\"wp-block-group alignfull is-nowrap is-layout-flex wp-container-core-group-is-layout-6c531013 wp-block-group-is-layout-flex\">\n<figure class=\"wp-block-gallery alignfull has-nested-images columns-default is-cropped wp-block-gallery-1 is-layout-flex wp-block-gallery-is-layout-flex\">\n<figure class=\"wp-block-image size-large\"><img loading=\"lazy\" decoding=\"async\" width=\"1024\" height=\"683\" data-id=\"30\" src=\"https:\/\/www.rebelky.org\/wp-content\/uploads\/2024\/03\/original_044dff68-adea-49dd-bc59-fc1b487eb17b_PXL_20240323_2032371652-1024x683.jpg\" alt=\"\" class=\"wp-image-30\" srcset=\"https:\/\/www.rebelky.org\/wp-content\/uploads\/2024\/03\/original_044dff68-adea-49dd-bc59-fc1b487eb17b_PXL_20240323_2032371652-1024x683.jpg 1024w, https:\/\/www.rebelky.org\/wp-content\/uploads\/2024\/03\/original_044dff68-adea-49dd-bc59-fc1b487eb17b_PXL_20240323_2032371652-300x200.jpg 300w, https:\/\/www.rebelky.org\/wp-content\/uploads\/2024\/03\/original_044dff68-adea-49dd-bc59-fc1b487eb17b_PXL_20240323_2032371652-768x512.jpg 768w, https:\/\/www.rebelky.org\/wp-content\/uploads\/2024\/03\/original_044dff68-adea-49dd-bc59-fc1b487eb17b_PXL_20240323_2032371652-1536x1024.jpg 1536w, https:\/\/www.rebelky.org\/wp-content\/uploads\/2024\/03\/original_044dff68-adea-49dd-bc59-fc1b487eb17b_PXL_20240323_2032371652-2048x1366.jpg 2048w\" sizes=\"auto, (max-width: 1024px) 100vw, 1024px\" \/><\/figure>\n\n\n\n<figure class=\"wp-block-image size-large\"><img loading=\"lazy\" decoding=\"async\" width=\"1024\" height=\"683\" data-id=\"37\" src=\"https:\/\/www.rebelky.org\/wp-content\/uploads\/2024\/03\/PXL_20240323_1946322722-1024x683.jpg\" alt=\"\" class=\"wp-image-37\" srcset=\"https:\/\/www.rebelky.org\/wp-content\/uploads\/2024\/03\/PXL_20240323_1946322722-1024x683.jpg 1024w, https:\/\/www.rebelky.org\/wp-content\/uploads\/2024\/03\/PXL_20240323_1946322722-300x200.jpg 300w, https:\/\/www.rebelky.org\/wp-content\/uploads\/2024\/03\/PXL_20240323_1946322722-768x512.jpg 768w, https:\/\/www.rebelky.org\/wp-content\/uploads\/2024\/03\/PXL_20240323_1946322722-1536x1024.jpg 1536w, https:\/\/www.rebelky.org\/wp-content\/uploads\/2024\/03\/PXL_20240323_1946322722-2048x1366.jpg 2048w\" sizes=\"auto, (max-width: 1024px) 100vw, 1024px\" \/><\/figure>\n\n\n\n<figure class=\"wp-block-image size-large\"><img loading=\"lazy\" decoding=\"async\" width=\"1024\" height=\"683\" data-id=\"36\" src=\"https:\/\/www.rebelky.org\/wp-content\/uploads\/2024\/03\/original_ffc036a5-ba6e-42b0-a660-83b02be76a3a_PXL_20240323_2031355192-1024x683.jpg\" alt=\"\" class=\"wp-image-36\" srcset=\"https:\/\/www.rebelky.org\/wp-content\/uploads\/2024\/03\/original_ffc036a5-ba6e-42b0-a660-83b02be76a3a_PXL_20240323_2031355192-1024x683.jpg 1024w, https:\/\/www.rebelky.org\/wp-content\/uploads\/2024\/03\/original_ffc036a5-ba6e-42b0-a660-83b02be76a3a_PXL_20240323_2031355192-300x200.jpg 300w, https:\/\/www.rebelky.org\/wp-content\/uploads\/2024\/03\/original_ffc036a5-ba6e-42b0-a660-83b02be76a3a_PXL_20240323_2031355192-768x512.jpg 768w, https:\/\/www.rebelky.org\/wp-content\/uploads\/2024\/03\/original_ffc036a5-ba6e-42b0-a660-83b02be76a3a_PXL_20240323_2031355192-1536x1024.jpg 1536w, https:\/\/www.rebelky.org\/wp-content\/uploads\/2024\/03\/original_ffc036a5-ba6e-42b0-a660-83b02be76a3a_PXL_20240323_2031355192-2048x1366.jpg 2048w\" sizes=\"auto, (max-width: 1024px) 100vw, 1024px\" \/><\/figure>\n\n\n\n<figure class=\"wp-block-image size-large\"><img loading=\"lazy\" decoding=\"async\" width=\"576\" height=\"1024\" data-id=\"40\" src=\"https:\/\/www.rebelky.org\/wp-content\/uploads\/2024\/03\/PXL_20240323_220351558-576x1024.jpg\" alt=\"\" class=\"wp-image-40\" srcset=\"https:\/\/www.rebelky.org\/wp-content\/uploads\/2024\/03\/PXL_20240323_220351558-576x1024.jpg 576w, https:\/\/www.rebelky.org\/wp-content\/uploads\/2024\/03\/PXL_20240323_220351558-169x300.jpg 169w, https:\/\/www.rebelky.org\/wp-content\/uploads\/2024\/03\/PXL_20240323_220351558-768x1365.jpg 768w, https:\/\/www.rebelky.org\/wp-content\/uploads\/2024\/03\/PXL_20240323_220351558-864x1536.jpg 864w, https:\/\/www.rebelky.org\/wp-content\/uploads\/2024\/03\/PXL_20240323_220351558-1152x2048.jpg 1152w, https:\/\/www.rebelky.org\/wp-content\/uploads\/2024\/03\/PXL_20240323_220351558-scaled.jpg 1440w\" sizes=\"auto, (max-width: 576px) 100vw, 576px\" \/><\/figure>\n\n\n\n<figure class=\"wp-block-image size-large\"><img loading=\"lazy\" decoding=\"async\" width=\"576\" height=\"1024\" data-id=\"41\" src=\"https:\/\/www.rebelky.org\/wp-content\/uploads\/2024\/03\/PXL_20240323_220510197-576x1024.jpg\" alt=\"\" class=\"wp-image-41\" srcset=\"https:\/\/www.rebelky.org\/wp-content\/uploads\/2024\/03\/PXL_20240323_220510197-576x1024.jpg 576w, https:\/\/www.rebelky.org\/wp-content\/uploads\/2024\/03\/PXL_20240323_220510197-169x300.jpg 169w, https:\/\/www.rebelky.org\/wp-content\/uploads\/2024\/03\/PXL_20240323_220510197-768x1365.jpg 768w, https:\/\/www.rebelky.org\/wp-content\/uploads\/2024\/03\/PXL_20240323_220510197-864x1536.jpg 864w, https:\/\/www.rebelky.org\/wp-content\/uploads\/2024\/03\/PXL_20240323_220510197-1152x2048.jpg 1152w, https:\/\/www.rebelky.org\/wp-content\/uploads\/2024\/03\/PXL_20240323_220510197-scaled.jpg 1440w\" sizes=\"auto, (max-width: 576px) 100vw, 576px\" \/><\/figure>\n\n\n\n<figure class=\"wp-block-image size-large\"><img loading=\"lazy\" decoding=\"async\" width=\"576\" height=\"1024\" data-id=\"39\" src=\"https:\/\/www.rebelky.org\/wp-content\/uploads\/2024\/03\/PXL_20240323_220906008-576x1024.jpg\" alt=\"\" class=\"wp-image-39\" srcset=\"https:\/\/www.rebelky.org\/wp-content\/uploads\/2024\/03\/PXL_20240323_220906008-576x1024.jpg 576w, https:\/\/www.rebelky.org\/wp-content\/uploads\/2024\/03\/PXL_20240323_220906008-169x300.jpg 169w, https:\/\/www.rebelky.org\/wp-content\/uploads\/2024\/03\/PXL_20240323_220906008-768x1365.jpg 768w, https:\/\/www.rebelky.org\/wp-content\/uploads\/2024\/03\/PXL_20240323_220906008-864x1536.jpg 864w, https:\/\/www.rebelky.org\/wp-content\/uploads\/2024\/03\/PXL_20240323_220906008-1152x2048.jpg 1152w, https:\/\/www.rebelky.org\/wp-content\/uploads\/2024\/03\/PXL_20240323_220906008-scaled.jpg 1440w\" sizes=\"auto, (max-width: 576px) 100vw, 576px\" \/><\/figure>\n\n\n\n<figure class=\"wp-block-image size-large\"><img loading=\"lazy\" decoding=\"async\" width=\"1024\" height=\"683\" data-id=\"43\" src=\"https:\/\/www.rebelky.org\/wp-content\/uploads\/2024\/03\/PXL_20240323_1946322722-1-1024x683.jpg\" alt=\"\" class=\"wp-image-43\" srcset=\"https:\/\/www.rebelky.org\/wp-content\/uploads\/2024\/03\/PXL_20240323_1946322722-1-1024x683.jpg 1024w, https:\/\/www.rebelky.org\/wp-content\/uploads\/2024\/03\/PXL_20240323_1946322722-1-300x200.jpg 300w, https:\/\/www.rebelky.org\/wp-content\/uploads\/2024\/03\/PXL_20240323_1946322722-1-768x512.jpg 768w, https:\/\/www.rebelky.org\/wp-content\/uploads\/2024\/03\/PXL_20240323_1946322722-1-1536x1024.jpg 1536w, https:\/\/www.rebelky.org\/wp-content\/uploads\/2024\/03\/PXL_20240323_1946322722-1-2048x1366.jpg 2048w\" sizes=\"auto, (max-width: 1024px) 100vw, 1024px\" \/><\/figure>\n<\/figure>\n<\/div>\n\n\n\n<p>Ples Rpety 11.1.2025<\/p>\n\n\n\n<figure class=\"wp-block-image size-large\"><img loading=\"lazy\" decoding=\"async\" width=\"1024\" height=\"1022\" src=\"https:\/\/www.rebelky.org\/wp-content\/uploads\/2025\/03\/Rebelky-ples-Rpety-1024x1022.jpeg\" alt=\"\" class=\"wp-image-89\" srcset=\"https:\/\/www.rebelky.org\/wp-content\/uploads\/2025\/03\/Rebelky-ples-Rpety-1024x1022.jpeg 1024w, https:\/\/www.rebelky.org\/wp-content\/uploads\/2025\/03\/Rebelky-ples-Rpety-300x300.jpeg 300w, https:\/\/www.rebelky.org\/wp-content\/uploads\/2025\/03\/Rebelky-ples-Rpety-150x150.jpeg 150w, https:\/\/www.rebelky.org\/wp-content\/uploads\/2025\/03\/Rebelky-ples-Rpety-768x767.jpeg 768w, https:\/\/www.rebelky.org\/wp-content\/uploads\/2025\/03\/Rebelky-ples-Rpety.jpeg 1191w\" sizes=\"auto, (max-width: 1024px) 100vw, 1024px\" \/><\/figure>\n\n\n\n<p><\/p>\n\n\n\n<p><\/p>\n\n\n\n<figure class=\"wp-block-image size-large\"><img loading=\"lazy\" decoding=\"async\" width=\"989\" height=\"1024\" src=\"https:\/\/www.rebelky.org\/wp-content\/uploads\/2025\/03\/Rebelky-ples-Rpety-Zagorka1-1-989x1024.jpeg\" alt=\"\" class=\"wp-image-99\" srcset=\"https:\/\/www.rebelky.org\/wp-content\/uploads\/2025\/03\/Rebelky-ples-Rpety-Zagorka1-1-989x1024.jpeg 989w, https:\/\/www.rebelky.org\/wp-content\/uploads\/2025\/03\/Rebelky-ples-Rpety-Zagorka1-1-290x300.jpeg 290w, https:\/\/www.rebelky.org\/wp-content\/uploads\/2025\/03\/Rebelky-ples-Rpety-Zagorka1-1-768x795.jpeg 768w, https:\/\/www.rebelky.org\/wp-content\/uploads\/2025\/03\/Rebelky-ples-Rpety-Zagorka1-1.jpeg 1457w\" sizes=\"auto, (max-width: 989px) 100vw, 989px\" \/><\/figure>\n\n\n\n<figure class=\"wp-block-image size-large\"><img loading=\"lazy\" decoding=\"async\" width=\"864\" height=\"1024\" src=\"https:\/\/www.rebelky.org\/wp-content\/uploads\/2025\/03\/Rebelky-ples-Rpety-Zagorka-1-864x1024.jpeg\" alt=\"\" class=\"wp-image-100\" srcset=\"https:\/\/www.rebelky.org\/wp-content\/uploads\/2025\/03\/Rebelky-ples-Rpety-Zagorka-1-864x1024.jpeg 864w, https:\/\/www.rebelky.org\/wp-content\/uploads\/2025\/03\/Rebelky-ples-Rpety-Zagorka-1-253x300.jpeg 253w, https:\/\/www.rebelky.org\/wp-content\/uploads\/2025\/03\/Rebelky-ples-Rpety-Zagorka-1-768x910.jpeg 768w, https:\/\/www.rebelky.org\/wp-content\/uploads\/2025\/03\/Rebelky-ples-Rpety-Zagorka-1.jpeg 1155w\" sizes=\"auto, (max-width: 864px) 100vw, 864px\" \/><\/figure>\n\n\n\n<figure class=\"wp-block-image size-large\"><img loading=\"lazy\" decoding=\"async\" width=\"1024\" height=\"768\" src=\"https:\/\/www.rebelky.org\/wp-content\/uploads\/2025\/03\/Rebelky-soustredeni-1-1024x768.jpeg\" alt=\"\" class=\"wp-image-101\" srcset=\"https:\/\/www.rebelky.org\/wp-content\/uploads\/2025\/03\/Rebelky-soustredeni-1-1024x768.jpeg 1024w, https:\/\/www.rebelky.org\/wp-content\/uploads\/2025\/03\/Rebelky-soustredeni-1-300x225.jpeg 300w, https:\/\/www.rebelky.org\/wp-content\/uploads\/2025\/03\/Rebelky-soustredeni-1-768x576.jpeg 768w, https:\/\/www.rebelky.org\/wp-content\/uploads\/2025\/03\/Rebelky-soustredeni-1-1536x1152.jpeg 1536w, https:\/\/www.rebelky.org\/wp-content\/uploads\/2025\/03\/Rebelky-soustredeni-1.jpeg 2048w\" sizes=\"auto, (max-width: 1024px) 100vw, 1024px\" \/><\/figure>\n\n\n\n<p>Tane\u010dn\u00ed soust\u0159ed\u011bn\u00ed 28.2.-1.3.2025<\/p>\n\n\n\n<p><\/p>\n","protected":false},"excerpt":{"rendered":"<p>Ples Rpety 11.1.2025 Tane\u010dn\u00ed soust\u0159ed\u011bn\u00ed 28.2.-1.3.2025<\/p>\n","protected":false},"author":1,"featured_media":0,"parent":0,"menu_order":0,"comment_status":"closed","ping_status":"closed","template":"","meta":{"footnotes":""},"class_list":["post-24","page","type-page","status-publish","hentry"],"_links":{"self":[{"href":"https:\/\/www.rebelky.org\/index.php?rest_route=\/wp\/v2\/pages\/24","targetHints":{"allow":["GET"]}}],"collection":[{"href":"https:\/\/www.rebelky.org\/index.php?rest_route=\/wp\/v2\/pages"}],"about":[{"href":"https:\/\/www.rebelky.org\/index.php?rest_route=\/wp\/v2\/types\/page"}],"author":[{"embeddable":true,"href":"https:\/\/www.rebelky.org\/index.php?rest_route=\/wp\/v2\/users\/1"}],"replies":[{"embeddable":true,"href":"https:\/\/www.rebelky.org\/index.php?rest_route=%2Fwp%2Fv2%2Fcomments&post=24"}],"version-history":[{"count":8,"href":"https:\/\/www.rebelky.org\/index.php?rest_route=\/wp\/v2\/pages\/24\/revisions"}],"predecessor-version":[{"id":105,"href":"https:\/\/www.rebelky.org\/index.php?rest_route=\/wp\/v2\/pages\/24\/revisions\/105"}],"wp:attachment":[{"href":"https:\/\/www.rebelky.org\/index.php?rest_route=%2Fwp%2Fv2%2Fmedia&parent=24"}],"curies":[{"name":"wp","href":"https:\/\/api.w.org\/{rel}","templated":true}]}}