{"id":2,"date":"2023-07-21T18:21:33","date_gmt":"2023-07-21T16:21:33","guid":{"rendered":"http:\/\/www.rebelky.org\/?page_id=2"},"modified":"2025-03-04T13:30:13","modified_gmt":"2025-03-04T12:30:13","slug":"zkusebni-stranka","status":"publish","type":"page","link":"https:\/\/www.rebelky.org\/?page_id=2","title":{"rendered":"O n\u00e1s"},"content":{"rendered":"\n<p>Jsme skupina nad\u0161en\u00fdch \u017een v\u0161ech v\u011bkov\u00fdch skupin, kter\u00e9 maj\u00ed jedno spole\u010dn\u00e9 <\/p>\n\n\n\n<p> &#8211; p\u0159in\u00e1\u0161et lidem radost a energii skrze sv\u016fj tanec. <\/p>\n\n\n\n<p>Rebelky P\u0159\u00edbram se neomezuj\u00ed na \u017e\u00e1dn\u00fd konkr\u00e9tn\u00ed tane\u010dn\u00ed styl, ale spojuje je l\u00e1ska k r\u016fznorodosti. Jejich reperto\u00e1r zahrnuje modern\u00ed tance, country, klasiku, muzik\u00e1l, ale tak\u00e9 folkl\u00f3rn\u00ed prvky. D\u00edky t\u00e9to pestrosti jsou schopny oslovit r\u016fznorod\u00e9 publikum a v\u017edy p\u0159in\u00e9st n\u011bco nov\u00e9ho a p\u0159ekvapiv\u00e9ho.<\/p>\n\n\n\n<p>Skupina vznikla z touhy propojit tane\u010dn\u00ed um\u011bn\u00ed s pozitivn\u00edm vlivem na m\u00edstn\u00ed  komunitu. Ka\u017ed\u00e9 jejich vystoupen\u00ed m\u00e1 za c\u00edl nejen pobavit div\u00e1ky, ale tak\u00e9 je inspirovat, motivovat a rozveselit. V\u011b\u0159\u00ed, \u017ee tanec m\u00e1 s\u00edlu p\u0159in\u00e9st do \u017eivota lid\u00ed radost a pozitivn\u00ed emoce, a to je pr\u00e1v\u011b to, co se sna\u017e\u00ed \u0161\u00ed\u0159it ve sv\u00e9m okol\u00ed.<\/p>\n\n\n\n<p><\/p>\n\n\n\n<p>Tato skupina nen\u00ed jen o tanci, ale tak\u00e9 o vytv\u00e1\u0159en\u00ed siln\u00e9ho pouta mezi \u010dleny, co\u017e se odr\u00e1\u017e\u00ed v jejich vystoupen\u00edch, kde se jejich radost a energie prom\u00edt\u00e1 do ka\u017ed\u00e9ho kroku. A\u0165 u\u017e jsou na jevi\u0161ti, nebo v ulic\u00edch sv\u00e9ho m\u011bsta, &#8222;P\u0159\u00edbramsk\u00e9 Rebelky&#8220; v\u017edy p\u0159in\u00e1\u0161ej\u00ed \u00fasm\u011bv na tv\u00e1\u0159e sv\u00fdch div\u00e1k\u016f a ukazuj\u00ed, \u017ee tanec m\u016f\u017ee b\u00fdt skv\u011bl\u00fdm n\u00e1strojem pro \u0161\u00ed\u0159en\u00ed pozitivn\u00edch emoc\u00ed a radosti mezi lidmi.<\/p>\n\n\n\n<blockquote class=\"wp-block-quote is-layout-flow wp-block-quote-is-layout-flow\">\n<p><strong>\u017dijte v radosti a protan\u010dete se s n\u00e1mi \u017eivotem!<\/strong><\/p>\n<\/blockquote>\n\n\n\n<p>Koukn\u011bte se na n\u00e1\u0161 aktu\u00e1ln\u00ed <a href=\"https:\/\/www.rebelky.org\/?p=16\" data-type=\"post\" data-id=\"16\">kalend\u00e1\u0159 akc\u00ed<\/a> pro rok 2025.<\/p>\n\n\n\n<figure class=\"wp-block-image size-full\"><img loading=\"lazy\" decoding=\"async\" width=\"500\" height=\"500\" src=\"https:\/\/www.rebelky.org\/wp-content\/uploads\/2023\/07\/cropped-Rebelky-Tanecni-skupina-logo-2023-tranparent.png\" alt=\"\" class=\"wp-image-9\" srcset=\"https:\/\/www.rebelky.org\/wp-content\/uploads\/2023\/07\/cropped-Rebelky-Tanecni-skupina-logo-2023-tranparent.png 500w, https:\/\/www.rebelky.org\/wp-content\/uploads\/2023\/07\/cropped-Rebelky-Tanecni-skupina-logo-2023-tranparent-300x300.png 300w, https:\/\/www.rebelky.org\/wp-content\/uploads\/2023\/07\/cropped-Rebelky-Tanecni-skupina-logo-2023-tranparent-150x150.png 150w, https:\/\/www.rebelky.org\/wp-content\/uploads\/2023\/07\/cropped-Rebelky-Tanecni-skupina-logo-2023-tranparent-66x66.png 66w, https:\/\/www.rebelky.org\/wp-content\/uploads\/2023\/07\/cropped-Rebelky-Tanecni-skupina-logo-2023-tranparent-200x200.png 200w, https:\/\/www.rebelky.org\/wp-content\/uploads\/2023\/07\/cropped-Rebelky-Tanecni-skupina-logo-2023-tranparent-400x400.png 400w\" sizes=\"auto, (max-width: 500px) 100vw, 500px\" \/><\/figure>\n\n\n\n<p><mark style=\"background-color:rgba(0, 0, 0, 0)\" class=\"has-inline-color has-foreground-color\">Tane\u010dn\u00ed skupina Rebelky P\u0159\u00edbram byla zalo\u017eena v roce 2016 a o t\u00e9 doby se v\u011bnuje sv\u00e9mu posl\u00e1n\u00ed \u0161\u00ed\u0159it radost mezi lidmi a tancem propojovat \u017eeny.<\/mark><\/p>\n\n\n\n<p><\/p>\n","protected":false},"excerpt":{"rendered":"<p>Jsme skupina nad\u0161en\u00fdch \u017een v\u0161ech v\u011bkov\u00fdch skupin, kter\u00e9 maj\u00ed jedno spole\u010dn\u00e9 &#8211; p\u0159in\u00e1\u0161et lidem radost a energii skrze sv\u016fj tanec. Rebelky P\u0159\u00edbram se neomezuj\u00ed na \u017e\u00e1dn\u00fd konkr\u00e9tn\u00ed tane\u010dn\u00ed styl, ale spojuje je l\u00e1ska k r\u016fznorodosti. Jejich reperto\u00e1r zahrnuje modern\u00ed tance, country, klasiku, muzik\u00e1l, ale tak\u00e9 folkl\u00f3rn\u00ed prvky. D\u00edky t\u00e9to pestrosti jsou schopny oslovit r\u016fznorod\u00e9 publikum [&hellip;]<\/p>\n","protected":false},"author":1,"featured_media":0,"parent":0,"menu_order":0,"comment_status":"closed","ping_status":"open","template":"","meta":{"footnotes":""},"class_list":["post-2","page","type-page","status-publish","hentry"],"_links":{"self":[{"href":"https:\/\/www.rebelky.org\/index.php?rest_route=\/wp\/v2\/pages\/2","targetHints":{"allow":["GET"]}}],"collection":[{"href":"https:\/\/www.rebelky.org\/index.php?rest_route=\/wp\/v2\/pages"}],"about":[{"href":"https:\/\/www.rebelky.org\/index.php?rest_route=\/wp\/v2\/types\/page"}],"author":[{"embeddable":true,"href":"https:\/\/www.rebelky.org\/index.php?rest_route=\/wp\/v2\/users\/1"}],"replies":[{"embeddable":true,"href":"https:\/\/www.rebelky.org\/index.php?rest_route=%2Fwp%2Fv2%2Fcomments&post=2"}],"version-history":[{"count":6,"href":"https:\/\/www.rebelky.org\/index.php?rest_route=\/wp\/v2\/pages\/2\/revisions"}],"predecessor-version":[{"id":107,"href":"https:\/\/www.rebelky.org\/index.php?rest_route=\/wp\/v2\/pages\/2\/revisions\/107"}],"wp:attachment":[{"href":"https:\/\/www.rebelky.org\/index.php?rest_route=%2Fwp%2Fv2%2Fmedia&parent=2"}],"curies":[{"name":"wp","href":"https:\/\/api.w.org\/{rel}","templated":true}]}}